e ten thousands digit of 3596139?
9
What is the tens digit of 84785?
8
What is the tens digit of 34653?
5
What is the tens digit of 3840706?
0
What is the ten thousands digit of 1157800?
5
What is the thousands digit of 10564044?
4
What is the units digit of 3672547?
7
What is the hundred thousands digit of 2175694?
1
What is the hundreds digit of 711451?
4
What is the units digit of 3090850?
0
What is the millions digit of 13135677?
3
What is the hundreds digit of 197455?
4
What is the ten thousands digit of 78946?
7
What is the tens digit of 1272099?
9
What is the ten thousands digit of 723991?
2
What is the ten thousands digit of 738961?
3
What is the thousands digit of 6428885?
8
What is the ten thousands digit of 2920838?
2
What is the thousands digit of 1911632?
1
What is the millions digit of 1073960?
1
What is the hundred thousands digit of 5297376?
2
What is the tens digit of 4246657?
5
What is the units digit of 263733?
3
What is the thousands digit of 250397?
0
What is the tens digit of 618865?
6
What is the millions digit of 11912891?
1
What is the tens digit of 1732918?
1
What is the tens digit of 256828?
2
What is the ten thousands digit of 58211?
5
What is the millions digit of 2247422?
2
What is the tens digit of 722893?
9
What is the hundred thousands digit of 275929?
2
What is the units digit of 1190032?
2
What is the tens digit of 221277?
7
What is the ten millions digit of 21875199?
2
What is the ten thousands digit of 2033836?
3
What is the millions digit of 1068621?
1
What is the thousands digit of 10435571?
5
What is the units digit of 703634?
4
What is the units digit of 7584852?
2
What is the hundreds digit of 9825936?
9
What is the hundreds digit of 346010?
0
What is the hundreds digit of 120044?
0
What is the ten thousands digit of 3358357?
5
What is the ten thousands digit of 2844914?
4
What is the tens digit of 1684294?
9
What is the hundreds digit of 506365?
3
What is the thousands digit of 215326?
5
What is the hundreds digit of 223769?
7
What is the tens digit of 1416750?
5
What is the ten millions digit of 13414291?
1
What is the hundred thousands digit of 111604?
1
What is the millions digit of 1009283?
1
What is the hundred thousands digit of 251184?
2
What is the units digit of 139636?
6
What is the tens digit of 49160?
6
What is the thousands digit of 206387?
6
What is the hundred thousands digit of 2280236?
2
What is the thousands digit of 265398?
5
What is the millions digit of 12937715?
2
What is the hundreds digit of 4582843?
8
What is the hundred thousands digit of 6137636?
1
What is the tens digit of 217978?
7
What is the hundreds digit of 73121?
1
What is the hundred thousands digit of 426584?
4
What is the ten thousands digit of 22484086?
8
What is the tens digit of 3764701?
0
What is the hundreds digit of 1018134?
1
What is the tens digit of 175088?
8
What is the thousands digit of 78498?
8
What is the ten thousands digit of 8415457?
1
What is the units digit of 1315409?
9
What is the millions digit of 41727490?
1
What is the millions digit of 2866277?
2
What is the hundred thousands digit of 3410097?
4
What is the thousands digit of 831568?
1
What is the thousands digit of 221748?
1
What is the millions digit of 1046621?
1
What is the units digit of 1159792?
2
What is the units digit of 6473578?
8
What is the hundreds digit of 237785?
7
What is the units digit of 962864?
4
What is the units digit of 462961?
1
What is the millions digit of 14369407?
4
What is the hundred thousands digit of 5206149?
2
What is the tens digit of 57116?
1
What is the ten thousands digit of 6398421?
9
What is the thousands digit of 334598?
4
What is the thousands digit of 3459828?
9
What is the ten thousands digit of 387641?
8
What is the hundred thousands digit of 18692930?
6
What is the thousands digit of 321694?
1
What is the thousands digit of 250070?
0
What is the units digit of 2270447?
7
What is the thousands digit of 562585?
2
What is the tens digit of 6371?
7
What is the units digit of 585543?
3
What is the ten thousands digit of 15897651?
9
What is the hundreds digit of 580237?
2
What is the units digit of 14736559?
9
What is the hundreds digit of 1831021?
0
What is the ten thousands digit of 5848779?
4
What is the tens digit of 4393794?
9
What is the hundred thousands digit of 13932994?
9
What is the hundred thousands digit of 908819?
9
What is the hundred thousands digit of 7172397?
1
What is the hundreds digit of 3218279?
2
What is the hundred thousands digit of 19798982?
7
What is the hundreds digit of 829060?
0
What is the hundred thousands digit of 211757?
2
What is the hundreds digit of 2729377?
3
What is the thousands digit of 3654597?
4
What is the tens digit of 11308510?
1
What is the hundred thousands digit of 301476?
3
What is the ten thousands digit of 531598?
3
What is the hundreds digit of 15749626?
6
What is the thousands digit of 458532?
8
What is the ten thousands digit of 3528949?
2
What is the thousands digit of 26849?
6
What is the thousands digit of 2825?
2
What is the tens digit of 375?
7
What is the ten thousands digit of 62663?
6
What is the hundreds digit of 1051101?
1
What is the millions digit of 5433144?
5
What is the tens digit of 290818?
1
What is the tens digit of 512522?
2
What is the hundred thousands digit of 1966469?
9
What is the tens digit of 8087596?
9
What is the hundreds digit of 239215?
2
What is the hundred thousands digit of 13487380?
4
What is the hundred thousands digit of 321588?
3
What is the ten thousands digit of 455928?
5
What is the tens digit of 8559898?
9
What is the tens digit of 11939385?
8
What is the hundreds digit of 672559?
5
What is the hundred thousands digit of 34809160?
8
What is the units digit of 992827?
7
What is the tens digit of 339169?
6
What is the units digit of 665942?
2
What is the hundred thousands digit of 3355393?
3
What is the hundred thousands digit of 202029?
2
What is the hundreds digit of 2202094?
0
What is the hundred thousands digit of 654051?
6
What is the ten thousands digit of 13376466?
7
What is the ten thousands digit of 716953?
1
What is the ten thousands digit of 3525110?
2
What is the ten thousands digit of 1642081?
4
What is the tens digit of 8910819?
1
What is the hundreds digit of 1703617?
6
What is the tens digit of 24065823?
2
What is the units digit of 4422658?
8
What is the hundred thousands digit of 133021?
1
What is the tens digit of 2033332?
3
What is the hundred thousands digit of 6118673?
1
What is the hundred thousands digit of 11613842?
6
What is the hundreds digit of 262850?
8
What is the hundreds digit of 2772786?
7
What is the ten thousands digit of 202912?
0
What is the tens digit of 448172?
7
What is the hundreds digit of 1340561?
5
What is the hundreds digit of 1803543?
5
What is the tens digit of 4654184?
8
What is the units digit of 435969?
9
What is the units digit of 3052843?
3
What is the ten thousands digit of 25737?
2
What is the hundred thousands digit of 1824052?
8
What is the thousands digit of 1151015?
1
What is the tens digit of 976239?
3
What is the hundred thousands digit of 2776188?
7
What is the ten thousands digit of 18167?
1
What is the hundreds digit of 1247514?
5
What is the tens digit of 1605482?
8
What is the hundred thousands digit of 6834305?
8
What is the millions digit of 18065549?
8
What is the units digit of 47624?
4
What is the ten thousands digit of 5421466?
2
What is the hundred thousands digit of 239988?
2
What is the hundreds digit of 154128?
1
What is the hundreds digit of 3201076?
0
What is the ten millions digit of 21183621?
2
What is the thousands digit of 212339?
2
What is the hundred thousands digit of 4021269?
0
What is the units digit of 20786777?
7
What is the units digit of 356516?
6
What is the units digit of 22504465?
5
What is the hundreds digit of 1711473?
4
What is the hundred thousands digit of 132634?
1
What is the tens digit of 830557?
5
What is the units digit of 5834463?
3
What is the thousands digit of 66934?
6
What is the tens digit of 4568828?
2
What is the hundreds digit of 503220?
2
What is the tens digit of 874708?
0
What is the tens digit of 185265?
6
What is the tens digit of 5942397?
9
What is the millions digit of 25347375?
5
What is